 thousands digit of 5399599391?
9
What is the hundred thousands digit of 94506865?
5
What is the billions digit of 4389497107?
4
What is the tens digit of 934251416?
1
What is the hundreds digit of 3545094396?
3
What is the thousands digit of 18379076?
9
What is the ten thousands digit of 246419825?
1
What is the tens digit of 1513196755?
5
What is the millions digit of 99651092?
9
What is the ten millions digit of 15388663?
1
What is the ten thousands digit of 3338879904?
7
What is the ten thousands digit of 352802687?
0
What is the units digit of 330608476?
6
What is the tens digit of 52543688?
8
What is the hundred thousands digit of 29471962?
4
What is the hundreds digit of 237099508?
5
What is the millions digit of 1676462401?
6
What is the hundred millions digit of 3772391247?
7
What is the tens digit of 176827363?
6
What is the thousands digit of 48442174?
2
What is the ten millions digit of 1511489195?
1
What is the millions digit of 98092907?
8
What is the billions digit of 3513567564?
3
What is the ten millions digit of 134469264?
3
What is the thousands digit of 223082064?
2
What is the tens digit of 1534106031?
3
What is the thousands digit of 26127660?
7
What is the ten millions digit of 186078921?
8
What is the units digit of 270035653?
3
What is the tens digit of 135315248?
4
What is the hundred millions digit of 329945815?
3
What is the thousands digit of 1436886736?
6
What is the hundreds digit of 23663070?
0
What is the hundreds digit of 296568106?
1
What is the millions digit of 4021154029?
1
What is the tens digit of 54996044?
4
What is the tens digit of 7833849162?
6
What is the thousands digit of 296202833?
2
What is the ten thousands digit of 599173711?
7
What is the ten thousands digit of 506352358?
5
What is the hundred thousands digit of 989816479?
8
What is the units digit of 181411583?
3
What is the hundred thousands digit of 192145397?
1
What is the millions digit of 460260839?
0
What is the millions digit of 410031648?
0
What is the millions digit of 1607097240?
7
What is the ten millions digit of 36013631?
3
What is the units digit of 83291332?
2
What is the tens digit of 7985359?
5
What is the hundreds digit of 31226685?
6
What is the units digit of 282646655?
5
What is the hundreds digit of 29157499?
4
What is the hundreds digit of 885041907?
9
What is the tens digit of 77129489?
8
What is the hundred thousands digit of 217501831?
5
What is the hundred thousands digit of 15375435?
3
What is the units digit of 214964249?
9
What is the tens digit of 107097634?
3
What is the hundreds digit of 5259434419?
4
What is the units digit of 919528721?
1
What is the hundreds digit of 13269085?
0
What is the tens digit of 268612440?
4
What is the tens digit of 2145645?
4
What is the units digit of 1008692301?
1
What is the millions digit of 164528671?
4
What is the thousands digit of 594902616?
2
What is the ten millions digit of 92510326?
9
What is the ten thousands digit of 21453230?
5
What is the tens digit of 86308910?
1
What is the billions digit of 1929158659?
1
What is the hundreds digit of 3368010181?
1
What is the ten millions digit of 163939980?
6
What is the units digit of 491119032?
2
What is the thousands digit of 483696256?
6
What is the thousands digit of 183360690?
0
What is the units digit of 1119082097?
7
What is the millions digit of 3694783267?
4
What is the millions digit of 2708790?
2
What is the ten thousands digit of 25616797?
1
What is the ten millions digit of 24059125?
2
What is the units digit of 142611433?
3
What is the ten millions digit of 720292746?
2
What is the millions digit of 532756519?
2
What is the hundred thousands digit of 108041552?
0
What is the ten millions digit of 2047031209?
4
What is the units digit of 44703560?
0
What is the ten millions digit of 44107009?
4
What is the hundred thousands digit of 491172916?
1
What is the millions digit of 51094400?
1
What is the hundred millions digit of 899924285?
8
What is the tens digit of 10561424?
2
What is the ten millions digit of 2604259958?
0
What is the ten millions digit of 320806767?
2
What is the billions digit of 2346548146?
2
What is the ten millions digit of 66931850?
6
What is the units digit of 2083866929?
9
What is the hundreds digit of 1595539?
5
What is the hundred thousands digit of 58747284?
7
What is the billions digit of 2044437301?
2
What is the hundred millions digit of 359838653?
3
What is the tens digit of 39838248?
4
What is the ten thousands digit of 1337473469?
7
What is the thousands digit of 66000445?
0
What is the ten thousands digit of 98987899?
8
What is the millions digit of 88950186?
8
What is the tens digit of 3007501874?
7
What is the ten millions digit of 123212271?
2
What is the units digit of 40868336?
6
What is the units digit of 251145932?
2
What is the thousands digit of 5812861?
2
What is the ten thousands digit of 97400683?
0
What is the hundred thousands digit of 4960321914?
3
What is the hundred thousands digit of 48356973?
3
What is the millions digit of 13990809?
3
What is the hundred thousands digit of 240962752?
9
What is the millions digit of 737420983?
7
What is the units digit of 1551526772?
2
What is the hundred thousands digit of 3027190910?
1
What is the ten millions digit of 3348848320?
4
What is the millions digit of 406945853?
6
What is the hundred millions digit of 1833300363?
8
What is the hundred thousands digit of 1421265227?
2
What is the tens digit of 440201860?
6
What is the units digit of 4758709048?
8
What is the thousands digit of 7094497595?
7
What is the thousands digit of 4466651224?
1
What is the tens digit of 3693771?
7
What is the ten thousands digit of 23328048?
2
What is the ten thousands digit of 25677245?
7
What is the thousands digit of 2729930841?
0
What is the hundred thousands digit of 645023074?
0
What is the hundreds digit of 714128901?
9
What is the hundred millions digit of 2328457879?
3
What is the ten thousands digit of 228107763?
0
What is the thousands digit of 6951913519?
3
What is the ten millions digit of 1610993376?
1
What is the thousands digit of 45034144?
4
What is the millions digit of 22298998?
2
What is the units digit of 325780595?
5
What is the ten millions digit of 326200136?
2
What is the units digit of 736808936?
6
What is the ten millions digit of 217925373?
1
What is the ten thousands digit of 236324255?
2
What is the hundreds digit of 238616043?
0
What is the ten millions digit of 1234605483?
3
What is the hundreds digit of 39134891?
8
What is the hundreds digit of 581270433?
4
What is the ten thousands digit of 194053204?
5
What is the hundred thousands digit of 45260632?
2
What is the thousands digit of 984184844?
4
What is the thousands digit of 43080608?
0
What is the millions digit of 143004499?
3
What is the hundred millions digit of 807436740?
8
What is the hundred thousands digit of 860361190?
3
What is the ten thousands digit of 5273666116?
6
What is the hundred millions digit of 1295095517?
2
What is the tens digit of 165786314?
1
What is the millions digit of 132350738?
2
What is the hundreds digit of 26496765?
7
What is the thousands digit of 34207372?
7
What is the millions digit of 8533455?
8
What is the hundreds digit of 42471588?
5
What is the units digit of 1103365622?
2
What is the millions digit of 1527195896?
7
What is the hundred millions digit of 475401425?
4
What is the ten millions digit of 52981482?
5
What is the ten millions digit of 52154494?
5
What is the units digit of 174763613?
3
What is the ten thousands digit of 187224657?
2
What is the millions digit of 2217877101?
7
What is the ten thousands digit of 261653940?
5
What is the millions digit of 519613834?
9
What is the ten thousands digit of 4743841427?
4
What is the millions digit of 67680831?
7
What is the thousands digit of 2575558860?
8
What is the tens digit of 12029131?
3
What is the ten millions digit of 363604606?
6
What is the units digit of 2277623900?
0
What is the thousands digit of 104670592?
0
What is the units digit of 2548973463?
3
What is the hundred thousands digit of 86362012?
3
What is the hundred thousands digit of 31586230?
5
What is the hundreds digit of 178243085?
0
What is the ten thousands digit of 964046343?
4
What i